{"id":68,"date":"2024-01-24T08:26:22","date_gmt":"2024-01-24T11:26:22","guid":{"rendered":"https:\/\/corretoramrj.com.br\/?page_id=68"},"modified":"2024-04-24T13:39:31","modified_gmt":"2024-04-24T16:39:31","slug":"quem-somos","status":"publish","type":"page","link":"https:\/\/corretoramrj.com.br\/index.php\/quem-somos\/","title":{"rendered":"Quem somos"},"content":{"rendered":"\t\t<div data-elementor-type=\"wp-page\" data-elementor-id=\"68\" class=\"elementor elementor-68\">\n\t\t\t\t<div class=\"elementor-element elementor-element-fc11fa6 e-flex e-con-boxed e-con e-parent\" data-id=\"fc11fa6\" data-element_type=\"container\" data-settings=\"{&quot;background_background&quot;:&quot;slideshow&quot;,&quot;background_slideshow_gallery&quot;:[{&quot;id&quot;:293,&quot;url&quot;:&quot;https:\\\/\\\/corretoramrj.com.br\\\/wp-content\\\/uploads\\\/2024\\\/02\\\/equipe-de-negocios-bem-sucedido-e-feliz-scaled.jpg&quot;}],&quot;content_width&quot;:&quot;boxed&quot;,&quot;background_slideshow_loop&quot;:&quot;yes&quot;,&quot;background_slideshow_slide_duration&quot;:5000,&quot;background_slideshow_slide_transition&quot;:&quot;fade&quot;,&quot;background_slideshow_transition_duration&quot;:500}\" data-core-v316-plus=\"true\">\n\t\t\t\t\t<div class=\"e-con-inner\">\n\t\t\t\t<div class=\"elementor-element elementor-element-32cbb33 elementor-widget elementor-widget-heading\" data-id=\"32cbb33\" data-element_type=\"widget\" data-widget_type=\"heading.default\">\n\t\t\t\t<div class=\"elementor-widget-container\">\n\t\t\t<style>\/*! elementor - v3.19.0 - 07-02-2024 *\/\n.elementor-heading-title{padding:0;margin:0;line-height:1}.elementor-widget-heading .elementor-heading-title[class*=elementor-size-]>a{color:inherit;font-size:inherit;line-height:inherit}.elementor-widget-heading .elementor-heading-title.elementor-size-small{font-size:15px}.elementor-widget-heading .elementor-heading-title.elementor-size-medium{font-size:19px}.elementor-widget-heading .elementor-heading-title.elementor-size-large{font-size:29px}.elementor-widget-heading .elementor-heading-title.elementor-size-xl{font-size:39px}.elementor-widget-heading .elementor-heading-title.elementor-size-xxl{font-size:59px}<\/style><h1 class=\"elementor-heading-title elementor-size-default\">Quem somos<\/h1>\t\t<\/div>\n\t\t\t\t<\/div>\n\t\t\t\t<div class=\"elementor-element elementor-element-79c4df9 elementor-widget elementor-widget-text-editor\" data-id=\"79c4df9\" data-element_type=\"widget\" data-widget_type=\"text-editor.default\">\n\t\t\t\t<div class=\"elementor-widget-container\">\n\t\t\t<style>\/*! elementor - v3.19.0 - 07-02-2024 *\/\n.elementor-widget-text-editor.elementor-drop-cap-view-stacked .elementor-drop-cap{background-color:#69727d;color:#fff}.elementor-widget-text-editor.elementor-drop-cap-view-framed .elementor-drop-cap{color:#69727d;border:3px solid;background-color:transparent}.elementor-widget-text-editor:not(.elementor-drop-cap-view-default) .elementor-drop-cap{margin-top:8px}.elementor-widget-text-editor:not(.elementor-drop-cap-view-default) .elementor-drop-cap-letter{width:1em;height:1em}.elementor-widget-text-editor .elementor-drop-cap{float:left;text-align:center;line-height:1;font-size:50px}.elementor-widget-text-editor .elementor-drop-cap-letter{display:inline-block}<\/style>\t\t\t\t<p>Somos a MRJ Corretora, sua parceira confi\u00e1vel para alcan\u00e7ar o sucesso financeiro.<\/p>\t\t\t\t\t\t<\/div>\n\t\t\t\t<\/div>\n\t\t\t\t\t<\/div>\n\t\t\t\t<\/div>\n\t\t<div class=\"elementor-element elementor-element-25c202f e-flex e-con-boxed e-con e-parent\" data-id=\"25c202f\" data-element_type=\"container\" data-settings=\"{&quot;content_width&quot;:&quot;boxed&quot;}\" data-core-v316-plus=\"true\">\n\t\t\t\t\t<div class=\"e-con-inner\">\n\t\t\t\t<div class=\"elementor-element elementor-element-a163686 elementor-widget elementor-widget-heading\" data-id=\"a163686\" data-element_type=\"widget\" data-widget_type=\"heading.default\">\n\t\t\t\t<div class=\"elementor-widget-container\">\n\t\t\t<h1 class=\"elementor-heading-title elementor-size-default\">Sobre MRJ Corretora<\/h1>\t\t<\/div>\n\t\t\t\t<\/div>\n\t\t\t\t<div class=\"elementor-element elementor-element-5505c8c elementor-widget elementor-widget-text-editor\" data-id=\"5505c8c\" data-element_type=\"widget\" data-widget_type=\"text-editor.default\">\n\t\t\t\t<div class=\"elementor-widget-container\">\n\t\t\t\t\t\t\t<p>Bem-vindo \u00e0 MRJ Corretora de Seguros, uma empresa comprometida em oferecer solu\u00e7\u00f5es de seguro financeira sob medida para nossos clientes. Com uma s\u00f3lida experi\u00eancia de 17 anos no mercado de seguros, nossa fundadora e CEO, Jessica Moura, decidiu levar sua expertise e paix\u00e3o pelo setor a um novo patamar, inaugurando a MRJ Corretora de Seguros.<\/p><p>Na MRJ, entendemos que cada cliente \u00e9 \u00fanico, assim como suas necessidades de prote\u00e7\u00e3o. \u00c9 por isso que nos dedicamos a fornecer um servi\u00e7o personalizado e orientado para o cliente, buscando sempre as melhores op\u00e7\u00f5es de seguro para atender \u00e0s suas necessidades espec\u00edficas.<\/p><p>Nosso compromisso vai al\u00e9m de simplesmente oferecer ap\u00f3lices de seguro; estamos aqui para ser seu parceiro de confian\u00e7a em todas as etapas do processo. Desde a avalia\u00e7\u00e3o inicial das suas necessidades at\u00e9 o momento em que voc\u00ea precisa acionar sua cobertura, estaremos ao seu lado, oferecendo suporte e orienta\u00e7\u00e3o em cada passo do caminho.<\/p><p>Na MRJ Corretora de Seguros, valorizamos a transpar\u00eancia, integridade e excel\u00eancia em tudo o que fazemos. Nossa equipe dedicada de profissionais altamente qualificados est\u00e1 aqui para garantir que voc\u00ea receba um servi\u00e7o de primeira classe e as solu\u00e7\u00f5es de seguros mais adequadas para proteger o que \u00e9 mais importante para voc\u00ea.<\/p><p>Estamos entusiasmados em embarcar nesta jornada com voc\u00ea e estamos ansiosos para ajud\u00e1-lo a proteger seu futuro e alcan\u00e7ar a tranquilidade financeira que voc\u00ea merece.<\/p><p>Seja bem-vindo \u00e0 fam\u00edlia MRJ Corretora de Seguros.<\/p>\t\t\t\t\t\t<\/div>\n\t\t\t\t<\/div>\n\t\t\t\t\t<\/div>\n\t\t\t\t<\/div>\n\t\t<div class=\"elementor-element elementor-element-8d7c036 e-flex e-con-boxed e-con e-parent\" data-id=\"8d7c036\" data-element_type=\"container\" data-settings=\"{&quot;content_width&quot;:&quot;boxed&quot;}\" data-core-v316-plus=\"true\">\n\t\t\t\t\t<div class=\"e-con-inner\">\n\t\t<div class=\"elementor-element elementor-element-3f2c0c8 e-con-full e-flex e-con e-child\" data-id=\"3f2c0c8\" data-element_type=\"container\" data-settings=\"{&quot;content_width&quot;:&quot;full&quot;}\">\n\t\t\t\t<div class=\"elementor-element elementor-element-bc4edcb elementor-widget elementor-widget-heading\" data-id=\"bc4edcb\" data-element_type=\"widget\" data-widget_type=\"heading.default\">\n\t\t\t\t<div class=\"elementor-widget-container\">\n\t\t\t<h2 class=\"elementor-heading-title elementor-size-default\">Nossa Miss\u00e3o\n\n<\/h2>\t\t<\/div>\n\t\t\t\t<\/div>\n\t\t\t\t<div class=\"elementor-element elementor-element-df47e0a elementor-widget elementor-widget-text-editor\" data-id=\"df47e0a\" data-element_type=\"widget\" data-widget_type=\"text-editor.default\">\n\t\t\t\t<div class=\"elementor-widget-container\">\n\t\t\t\t\t\t\t<p>Nossa miss\u00e3o na MRJ Corretora de Seguros \u00e9 proporcionar tranquilidade e seguran\u00e7a financeira aos nossos clientes, oferecendo solu\u00e7\u00f5es de prote\u00e7\u00e3o personalizadas e orientadas para o cliente. Comprometemo-nos a ser um parceiro confi\u00e1vel, oferecendo servi\u00e7o excepcional e orienta\u00e7\u00e3o especializada em todas as intera\u00e7\u00f5es. Baseados em valores de transpar\u00eancia, integridade e excel\u00eancia, buscamos construir relacionamentos de longo prazo com nossos clientes, fornecendo suporte, orienta\u00e7\u00e3o e solu\u00e7\u00f5es adaptadas \u00e0s suas necessidades individuais. Nosso objetivo \u00e9 tornar o processo de prote\u00e7\u00e3o financeira simples, acess\u00edvel e eficaz, ajudando nossos clientes a proteger o que \u00e9 mais importante para eles e alcan\u00e7ar a tranquilidade financeira que merecem.<\/p>\t\t\t\t\t\t<\/div>\n\t\t\t\t<\/div>\n\t\t\t\t<\/div>\n\t\t<div class=\"elementor-element elementor-element-2069112 e-con-full e-flex e-con e-child\" data-id=\"2069112\" data-element_type=\"container\" data-settings=\"{&quot;content_width&quot;:&quot;full&quot;}\">\n\t\t\t\t<div class=\"elementor-element elementor-element-cffa70b elementor-invisible elementor-widget elementor-widget-image\" data-id=\"cffa70b\" data-element_type=\"widget\" data-settings=\"{&quot;_animation&quot;:&quot;fadeIn&quot;}\" data-widget_type=\"image.default\">\n\t\t\t\t<div class=\"elementor-widget-container\">\n\t\t\t<style>\/*! elementor - v3.19.0 - 07-02-2024 *\/\n.elementor-widget-image{text-align:center}.elementor-widget-image a{display:inline-block}.elementor-widget-image a img[src$=\".svg\"]{width:48px}.elementor-widget-image img{vertical-align:middle;display:inline-block}<\/style>\t\t\t\t\t\t\t\t\t\t<img fetchpriority=\"high\" decoding=\"async\" width=\"768\" height=\"513\" src=\"https:\/\/corretoramrj.com.br\/wp-content\/uploads\/2024\/02\/pexels-kampus-production-8441775-768x513.jpg\" class=\"attachment-medium_large size-medium_large wp-image-469\" alt=\"\" srcset=\"https:\/\/corretoramrj.com.br\/wp-content\/uploads\/2024\/02\/pexels-kampus-production-8441775-768x513.jpg 768w, https:\/\/corretoramrj.com.br\/wp-content\/uploads\/2024\/02\/pexels-kampus-production-8441775-300x200.jpg 300w, https:\/\/corretoramrj.com.br\/wp-content\/uploads\/2024\/02\/pexels-kampus-production-8441775-1024x684.jpg 1024w, https:\/\/corretoramrj.com.br\/wp-content\/uploads\/2024\/02\/pexels-kampus-production-8441775-1536x1025.jpg 1536w, https:\/\/corretoramrj.com.br\/wp-content\/uploads\/2024\/02\/pexels-kampus-production-8441775-2048x1367.jpg 2048w\" sizes=\"(max-width: 768px) 100vw, 768px\" \/>\t\t\t\t\t\t\t\t\t\t\t\t\t<\/div>\n\t\t\t\t<\/div>\n\t\t\t\t<\/div>\n\t\t\t\t\t<\/div>\n\t\t\t\t<\/div>\n\t\t<div class=\"elementor-element elementor-element-1b97a6d e-flex e-con-boxed e-con e-parent\" data-id=\"1b97a6d\" data-element_type=\"container\" data-settings=\"{&quot;content_width&quot;:&quot;boxed&quot;}\" data-core-v316-plus=\"true\">\n\t\t\t\t\t<div class=\"e-con-inner\">\n\t\t<div class=\"elementor-element elementor-element-c14b326 e-con-full e-flex e-con e-child\" data-id=\"c14b326\" data-element_type=\"container\" data-settings=\"{&quot;content_width&quot;:&quot;full&quot;}\">\n\t\t\t\t<div class=\"elementor-element elementor-element-44d3394 elementor-invisible elementor-widget elementor-widget-image\" data-id=\"44d3394\" data-element_type=\"widget\" data-settings=\"{&quot;_animation&quot;:&quot;fadeIn&quot;}\" data-widget_type=\"image.default\">\n\t\t\t\t<div class=\"elementor-widget-container\">\n\t\t\t\t\t\t\t\t\t\t\t\t\t<img decoding=\"async\" width=\"768\" height=\"513\" src=\"https:\/\/corretoramrj.com.br\/wp-content\/uploads\/2024\/02\/pexels-kampus-production-8441774-768x513.jpg\" class=\"attachment-medium_large size-medium_large wp-image-471\" alt=\"\" srcset=\"https:\/\/corretoramrj.com.br\/wp-content\/uploads\/2024\/02\/pexels-kampus-production-8441774-768x513.jpg 768w, https:\/\/corretoramrj.com.br\/wp-content\/uploads\/2024\/02\/pexels-kampus-production-8441774-300x200.jpg 300w, https:\/\/corretoramrj.com.br\/wp-content\/uploads\/2024\/02\/pexels-kampus-production-8441774-1024x684.jpg 1024w, https:\/\/corretoramrj.com.br\/wp-content\/uploads\/2024\/02\/pexels-kampus-production-8441774-1536x1025.jpg 1536w, https:\/\/corretoramrj.com.br\/wp-content\/uploads\/2024\/02\/pexels-kampus-production-8441774-2048x1367.jpg 2048w\" sizes=\"(max-width: 768px) 100vw, 768px\" \/>\t\t\t\t\t\t\t\t\t\t\t\t\t<\/div>\n\t\t\t\t<\/div>\n\t\t\t\t<\/div>\n\t\t<div class=\"elementor-element elementor-element-ce69595 e-con-full e-flex e-con e-child\" data-id=\"ce69595\" data-element_type=\"container\" data-settings=\"{&quot;content_width&quot;:&quot;full&quot;}\">\n\t\t\t\t<div class=\"elementor-element elementor-element-d7dc300 elementor-widget elementor-widget-heading\" data-id=\"d7dc300\" data-element_type=\"widget\" data-widget_type=\"heading.default\">\n\t\t\t\t<div class=\"elementor-widget-container\">\n\t\t\t<h2 class=\"elementor-heading-title elementor-size-default\">Nossa Abordagem\n\n<\/h2>\t\t<\/div>\n\t\t\t\t<\/div>\n\t\t\t\t<div class=\"elementor-element elementor-element-220ae27 elementor-widget elementor-widget-text-editor\" data-id=\"220ae27\" data-element_type=\"widget\" data-widget_type=\"text-editor.default\">\n\t\t\t\t<div class=\"elementor-widget-container\">\n\t\t\t\t\t\t\t<p>A abordagem da MRJ Corretora de Seguros \u00e9 centrada no cliente, baseada em tr\u00eas pilares fundamentais: personaliza\u00e7\u00e3o, transpar\u00eancia e compromisso com a excel\u00eancia. Priorizamos a compreens\u00e3o das necessidades individuais de cada cliente e oferecemos solu\u00e7\u00f5es de seguro sob medida para atend\u00ea-las. Valorizamos a transpar\u00eancia em todas as intera\u00e7\u00f5es, garantindo que os clientes compreendam completamente suas op\u00e7\u00f5es de seguro. Nosso compromisso com a excel\u00eancia nos impulsiona a superar expectativas e fornecer um servi\u00e7o excepcional em todas as etapas do processo. Em resumo, buscamos garantir a satisfa\u00e7\u00e3o total dos clientes, oferecendo solu\u00e7\u00f5es personalizadas, transparentes e de alta qualidade para proteger seu patrim\u00f4nio e proporcionar tranquilidade financeira.<\/p>\t\t\t\t\t\t<\/div>\n\t\t\t\t<\/div>\n\t\t\t\t<\/div>\n\t\t\t\t\t<\/div>\n\t\t\t\t<\/div>\n\t\t<div class=\"elementor-element elementor-element-46b44ef e-flex e-con-boxed e-con e-parent\" data-id=\"46b44ef\" data-element_type=\"container\" data-settings=\"{&quot;content_width&quot;:&quot;boxed&quot;}\" data-core-v316-plus=\"true\">\n\t\t\t\t\t<div class=\"e-con-inner\">\n\t\t\t\t<div class=\"elementor-element elementor-element-59f6c84 elementor-widget elementor-widget-heading\" data-id=\"59f6c84\" data-element_type=\"widget\" data-widget_type=\"heading.default\">\n\t\t\t\t<div class=\"elementor-widget-container\">\n\t\t\t<h1 class=\"elementor-heading-title elementor-size-default\">Nossos Valores<\/h1>\t\t<\/div>\n\t\t\t\t<\/div>\n\t\t\t\t<div class=\"elementor-element elementor-element-da5e7b8 elementor-widget elementor-widget-text-editor\" data-id=\"da5e7b8\" data-element_type=\"widget\" data-widget_type=\"text-editor.default\">\n\t\t\t\t<div class=\"elementor-widget-container\">\n\t\t\t\t\t\t\t<p>Os valores da MRJ Corretora de Seguros s\u00e3o pautados na integridade, compromisso com o cliente, excel\u00eancia no atendimento, inova\u00e7\u00e3o, trabalho em equipe e responsabilidade social e ambiental. Esses princ\u00edpios fundamentais guiam nossas a\u00e7\u00f5es e refletem nosso comprometimento em oferecer um servi\u00e7o excepcional, personalizado e respons\u00e1vel, visando atender \u00e0s necessidades dos nossos clientes e contribuir para o bem-estar da comunidade e do meio ambiente.<\/p>\t\t\t\t\t\t<\/div>\n\t\t\t\t<\/div>\n\t\t\t\t\t<\/div>\n\t\t\t\t<\/div>\n\t\t\t\t<\/div>\n\t\t","protected":false},"excerpt":{"rendered":"<p>Quem somos Somos a MRJ Corretora, sua parceira confi\u00e1vel para alcan\u00e7ar o sucesso financeiro. Sobre MRJ Corretora Bem-vindo \u00e0 MRJ Corretora de Seguros, uma empresa comprometida em oferecer solu\u00e7\u00f5es de seguro financeira sob medida para nossos clientes. Com uma s\u00f3lida experi\u00eancia de 17 anos no mercado de seguros, nossa fundadora e CEO, Jessica Moura, decidiu [&hellip;]<\/p>\n","protected":false},"author":1,"featured_media":0,"parent":0,"menu_order":0,"comment_status":"closed","ping_status":"closed","template":"","meta":{"_joinchat":[],"footnotes":""},"_links":{"self":[{"href":"https:\/\/corretoramrj.com.br\/index.php\/wp-json\/wp\/v2\/pages\/68"}],"collection":[{"href":"https:\/\/corretoramrj.com.br\/index.php\/wp-json\/wp\/v2\/pages"}],"about":[{"href":"https:\/\/corretoramrj.com.br\/index.php\/wp-json\/wp\/v2\/types\/page"}],"author":[{"embeddable":true,"href":"https:\/\/corretoramrj.com.br\/index.php\/wp-json\/wp\/v2\/users\/1"}],"replies":[{"embeddable":true,"href":"https:\/\/corretoramrj.com.br\/index.php\/wp-json\/wp\/v2\/comments?post=68"}],"version-history":[{"count":100,"href":"https:\/\/corretoramrj.com.br\/index.php\/wp-json\/wp\/v2\/pages\/68\/revisions"}],"predecessor-version":[{"id":1497,"href":"https:\/\/corretoramrj.com.br\/index.php\/wp-json\/wp\/v2\/pages\/68\/revisions\/1497"}],"wp:attachment":[{"href":"https:\/\/corretoramrj.com.br\/index.php\/wp-json\/wp\/v2\/media?parent=68"}],"curies":[{"name":"wp","href":"https:\/\/api.w.org\/{rel}","templated":true}]}}