{"id":955,"date":"2024-03-20T19:35:25","date_gmt":"2024-03-20T22:35:25","guid":{"rendered":"https:\/\/corretoramrj.com.br\/?page_id=955"},"modified":"2024-04-07T21:25:00","modified_gmt":"2024-04-08T00:25:00","slug":"seguro-de-caminhao","status":"publish","type":"page","link":"https:\/\/corretoramrj.com.br\/index.php\/seguro-de-caminhao\/","title":{"rendered":"Seguro de Caminh\u00e3o"},"content":{"rendered":"\t\t<div data-elementor-type=\"wp-page\" data-elementor-id=\"955\" class=\"elementor elementor-955\">\n\t\t\t\t<div class=\"elementor-element elementor-element-16cf1e1c e-con-full e-flex e-con e-parent\" data-id=\"16cf1e1c\" data-element_type=\"container\" data-settings=\"{&quot;background_background&quot;:&quot;classic&quot;,&quot;content_width&quot;:&quot;full&quot;}\" data-core-v316-plus=\"true\">\n\t\t\t\t<div class=\"elementor-element elementor-element-12c674f9 elementor-widget elementor-widget-heading\" data-id=\"12c674f9\" data-element_type=\"widget\" data-widget_type=\"heading.default\">\n\t\t\t\t<div class=\"elementor-widget-container\">\n\t\t\t<style>\/*! elementor - v3.19.0 - 07-02-2024 *\/\n.elementor-heading-title{padding:0;margin:0;line-height:1}.elementor-widget-heading .elementor-heading-title[class*=elementor-size-]>a{color:inherit;font-size:inherit;line-height:inherit}.elementor-widget-heading .elementor-heading-title.elementor-size-small{font-size:15px}.elementor-widget-heading .elementor-heading-title.elementor-size-medium{font-size:19px}.elementor-widget-heading .elementor-heading-title.elementor-size-large{font-size:29px}.elementor-widget-heading .elementor-heading-title.elementor-size-xl{font-size:39px}.elementor-widget-heading .elementor-heading-title.elementor-size-xxl{font-size:59px}<\/style><h2 class=\"elementor-heading-title elementor-size-default\">Seguro de Caminh\u00e3o<\/h2>\t\t<\/div>\n\t\t\t\t<\/div>\n\t\t\t\t<\/div>\n\t\t<div class=\"elementor-element elementor-element-5c2a90de e-flex e-con-boxed e-con e-parent\" data-id=\"5c2a90de\" data-element_type=\"container\" data-settings=\"{&quot;background_background&quot;:&quot;classic&quot;,&quot;content_width&quot;:&quot;boxed&quot;}\" data-core-v316-plus=\"true\">\n\t\t\t\t\t<div class=\"e-con-inner\">\n\t\t<div class=\"elementor-element elementor-element-3a81f5e2 e-con-full elementor-hidden-mobile e-flex e-con e-child\" data-id=\"3a81f5e2\" data-element_type=\"container\" data-settings=\"{&quot;content_width&quot;:&quot;full&quot;}\">\n\t\t\t\t<div class=\"elementor-element elementor-element-72a4ac7d elementor-hidden-mobile elementor-widget elementor-widget-image\" data-id=\"72a4ac7d\" data-element_type=\"widget\" data-widget_type=\"image.default\">\n\t\t\t\t<div class=\"elementor-widget-container\">\n\t\t\t<style>\/*! elementor - v3.19.0 - 07-02-2024 *\/\n.elementor-widget-image{text-align:center}.elementor-widget-image a{display:inline-block}.elementor-widget-image a img[src$=\".svg\"]{width:48px}.elementor-widget-image img{vertical-align:middle;display:inline-block}<\/style>\t\t\t\t\t\t\t\t\t\t<img fetchpriority=\"high\" decoding=\"async\" width=\"768\" height=\"513\" src=\"https:\/\/corretoramrj.com.br\/wp-content\/uploads\/2024\/03\/truck-driver-occupation-service-768x513.jpg\" class=\"attachment-medium_large size-medium_large wp-image-958\" alt=\"\" srcset=\"https:\/\/corretoramrj.com.br\/wp-content\/uploads\/2024\/03\/truck-driver-occupation-service-768x513.jpg 768w, https:\/\/corretoramrj.com.br\/wp-content\/uploads\/2024\/03\/truck-driver-occupation-service-300x200.jpg 300w, https:\/\/corretoramrj.com.br\/wp-content\/uploads\/2024\/03\/truck-driver-occupation-service-1024x683.jpg 1024w, https:\/\/corretoramrj.com.br\/wp-content\/uploads\/2024\/03\/truck-driver-occupation-service-1536x1025.jpg 1536w, https:\/\/corretoramrj.com.br\/wp-content\/uploads\/2024\/03\/truck-driver-occupation-service-2048x1367.jpg 2048w\" sizes=\"(max-width: 768px) 100vw, 768px\" \/>\t\t\t\t\t\t\t\t\t\t\t\t\t<\/div>\n\t\t\t\t<\/div>\n\t\t\t\t<\/div>\n\t\t<div class=\"elementor-element elementor-element-6333f1fc e-con-full e-flex e-con e-child\" data-id=\"6333f1fc\" data-element_type=\"container\" data-settings=\"{&quot;content_width&quot;:&quot;full&quot;}\">\n\t\t\t\t<div class=\"elementor-element elementor-element-28ba7e5 elementor-widget elementor-widget-heading\" data-id=\"28ba7e5\" data-element_type=\"widget\" data-widget_type=\"heading.default\">\n\t\t\t\t<div class=\"elementor-widget-container\">\n\t\t\t<h2 class=\"elementor-heading-title elementor-size-default\">Por que obter seguro de caminh\u00e3o?<\/h2>\t\t<\/div>\n\t\t\t\t<\/div>\n\t\t\t\t<div class=\"elementor-element elementor-element-6acd9f56 elementor-widget elementor-widget-heading\" data-id=\"6acd9f56\" data-element_type=\"widget\" data-widget_type=\"heading.default\">\n\t\t\t\t<div class=\"elementor-widget-container\">\n\t\t\t<h2 class=\"elementor-heading-title elementor-size-default\">O seguro de caminh\u00e3o oferece prote\u00e7\u00e3o financeira para propriet\u00e1rios de caminh\u00f5es e suas cargas contra uma variedade de riscos, incluindo danos ao ve\u00edculo, responsabilidade civil, e, opcionalmente, prote\u00e7\u00e3o para a carga transportada. O pr\u00eamio de seguro \u00e9 determinado com base em fatores como o perfil do motorista, tipo de caminh\u00e3o e hist\u00f3rico de sinistros. Em caso de sinistro, o segurado contata a seguradora para iniciar o processo de reivindica\u00e7\u00e3o, que pode incluir reparos ou indeniza\u00e7\u00e3o. Benef\u00edcios adicionais podem incluir assist\u00eancia 24 horas e coberturas especiais. Escolher uma ap\u00f3lice que atenda \u00e0s necessidades individuais \u00e9 fundamental para garantir uma boa rela\u00e7\u00e3o custo-benef\u00edcio.<\/h2>\t\t<\/div>\n\t\t\t\t<\/div>\n\t\t\t\t<div class=\"elementor-element elementor-element-686aff65 elementor-align-left elementor-mobile-align-center elementor-widget elementor-widget-button\" data-id=\"686aff65\" data-element_type=\"widget\" data-widget_type=\"button.default\">\n\t\t\t\t<div class=\"elementor-widget-container\">\n\t\t\t\t\t<div class=\"elementor-button-wrapper\">\n\t\t\t<a class=\"elementor-button elementor-button-link elementor-size-lg\" href=\"https:\/\/api.whatsapp.com\/send\/?phone=5519989797444\">\n\t\t\t\t\t\t<span class=\"elementor-button-content-wrapper\">\n\t\t\t\t\t\t<span class=\"elementor-button-text\">Fazer cota\u00e7\u00e3o<\/span>\n\t\t<\/span>\n\t\t\t\t\t<\/a>\n\t\t<\/div>\n\t\t\t\t<\/div>\n\t\t\t\t<\/div>\n\t\t\t\t<\/div>\n\t\t\t\t\t<\/div>\n\t\t\t\t<\/div>\n\t\t\t\t<\/div>\n\t\t","protected":false},"excerpt":{"rendered":"<p>Seguro de Caminh\u00e3o Por que obter seguro de caminh\u00e3o? O seguro de caminh\u00e3o oferece prote\u00e7\u00e3o financeira para propriet\u00e1rios de caminh\u00f5es e suas cargas contra uma variedade de riscos, incluindo danos ao ve\u00edculo, responsabilidade civil, e, opcionalmente, prote\u00e7\u00e3o para a carga transportada. O pr\u00eamio de seguro \u00e9 determinado com base em fatores como o perfil do [&hellip;]<\/p>\n","protected":false},"author":1,"featured_media":0,"parent":0,"menu_order":0,"comment_status":"closed","ping_status":"closed","template":"","meta":{"_joinchat":[],"footnotes":""},"_links":{"self":[{"href":"https:\/\/corretoramrj.com.br\/index.php\/wp-json\/wp\/v2\/pages\/955"}],"collection":[{"href":"https:\/\/corretoramrj.com.br\/index.php\/wp-json\/wp\/v2\/pages"}],"about":[{"href":"https:\/\/corretoramrj.com.br\/index.php\/wp-json\/wp\/v2\/types\/page"}],"author":[{"embeddable":true,"href":"https:\/\/corretoramrj.com.br\/index.php\/wp-json\/wp\/v2\/users\/1"}],"replies":[{"embeddable":true,"href":"https:\/\/corretoramrj.com.br\/index.php\/wp-json\/wp\/v2\/comments?post=955"}],"version-history":[{"count":16,"href":"https:\/\/corretoramrj.com.br\/index.php\/wp-json\/wp\/v2\/pages\/955\/revisions"}],"predecessor-version":[{"id":1386,"href":"https:\/\/corretoramrj.com.br\/index.php\/wp-json\/wp\/v2\/pages\/955\/revisions\/1386"}],"wp:attachment":[{"href":"https:\/\/corretoramrj.com.br\/index.php\/wp-json\/wp\/v2\/media?parent=955"}],"curies":[{"name":"wp","href":"https:\/\/api.w.org\/{rel}","templated":true}]}}